j.
2, 31, 139
What are the prime factors of ((-42)/(-189) - 1089/162)/((-2)/14520)?
2, 3, 5, 11, 13
Let w = -8169 - -8069. Suppose -5*b - p + 2*p = 5, -5*b - 3*p + 15 = 0. List the prime factors of ((-132)/(-15))/(b - 8/w).
2, 5, 11
Let a(d) be the first derivative of 2*d**3 + 3*d**2 + d + 755. Let h be 1/(-2*1/10). List the prime factors of a(h).
11
Suppose -3*b = 4*c + 1, 4*b + 20 = 4*c - 0*c. Let k be -2 + b + -3 + 2. Let o(f) = -7*f - 15. List the prime factors of o(k).
3
Let a be ((-18)/(-5))/(1/(-65) - 0). Let y = a + 453. Suppose 4*m - m = -3*x + y, 5*m - 389 = x. What are the prime factors of m?
7, 11
Suppose 51*f = 98680 + 125210. List the prime factors of f.
2, 5, 439
Let v = 193 - 140. Suppose 51*h = v*h - 518. List the prime factors of h.
7, 37
Suppose -2*l + 30 = 4*q - 118, q = -3*l + 197. Let k be (-4)/16*-2*l. Suppose -9*z + 86 = k. List the prime factors of z.
2, 3
Let o(r) = 18 + 11 + 11*r + 5 - 41. Suppose 0 = 2*v + v + k - 21, v + 5*k - 21 = 0. What are the prime factors of o(v)?
59
Suppose 3*t - 2*d - 748 = 0, 2*t + 4*d = 7*t - 1244. Let i = t - 78. What are the prime factors of i?
2, 3, 29
Let l be (214/(-5))/(((-2)/(-10))/(-1)). Suppose 0 = -s + l - 39. Suppose 0 = -4*p + 289 + s. List the prime factors of p.
2, 29
Let t(a) be the first derivative of 3*a**3 + 29*a**2/2 - 15*a + 104. What are the prime factors of t(-11)?
5, 151
Suppose k = -2*k + 12. Suppose -4*b = 2*g - 4, -k*g = g + 3*b - 3. What are the prime factors of 2052/27 + -3 + g?
73
Let q be (-8 - 18/(-3))/(4/(-98)). What are the prime factors of 0 - (6 + q*-25)?
23, 53
Let a be 4 + 1 + 3 + -5 + 315. Let u = 654 - a. What are the prime factors of u?
2, 3, 7
Suppose 57*b - 81*b + 185736 = 0. What are the prime factors of b?
71, 109
Let k(b) = -61*b + 1429. List the prime factors of k(-49).
2, 47
Let m = 2233 + -2834. Suppose 4*a + 832 = 2*a. Let c = a - m. List the prime factors of c.
5, 37
Let m(d) be the third derivative of -d**6/120 - 3*d**5/20 + 5*d**4/12 - 13*d**3/6 + d**2 + 5. Let l = 7 - 18. List the prime factors of m(l).
7, 17
Suppose 5*c + 6*c - 9130 = 0. Suppose -4*h = 2*t - c, 12*t - 9*t + 427 = 2*h. List the prime factors of h.
11, 19
Let m(p) = 4*p**2 - 2*p - 83. Let q be m(-6). Suppose 0 = -q*d + 77*d - 1876. What are the prime factors of d?
7, 67
Suppose -5*s + 28 = -3*s - 4*t, 68 = 4*s + 4*t. Suppose 3*a - 4*q = -s, -2*a - q - 4 = -2*q. Suppose 5*n - 88 - 197 = a. List the prime factors of n.
3, 19
Let u(s) = s**3 - 3*s**2 + 2. Let d(h) = h**3 - 3*h**2. Let i(v) = 4*d(v) - 3*u(v). Suppose -2*n + 15 = n. What are the prime factors of i(n)?
2, 11
Suppose -2*u + 5*c + 505 = 3*u, u = -5*c + 95. Let k(o) = 2*o**3 + 78*o**2 + 14. Let g be k(-39). Let x = g + u. What are the prime factors of x?
2, 3, 19
Suppose -x - 388 = 3*c, 2*x - 514 = -0*c + 4*c. Let m = 233 + c. List the prime factors of m.
2, 13
Suppose 2*x = 4*z + 8, -7*x + 3*x = z + 2. Suppose x = -2*q - 5*t + 65 - 25, q = t + 6. Suppose q*b + 1065 = 15*b. What are the prime factors of b?
3, 71
Let r be 2 - 1 - (-317)/1. Suppose 9*f = 15*f - r. List the prime factors of f.
53
Let y(u) be the first derivative of u**3/3 - u**2/2 + 13*u - 175. Suppose 2*o = 4 - 18. List the prime factors of y(o).
3, 23
Let h(j) = -7*j**2 - 9*j - 1. Let g be h(-6). Let x = 303 + g. Suppose u - 5*b = x, 0 = 7*u - 3*u + b - 332. List the prime factors of u.
2, 3, 7
Let w(x) = 3*x**2 + 48*x + 39. Let n be -10*(-3 - (-46)/10) - 5. What are the prime factors of w(n)?
2, 3, 59
Let t(z) = 5*z**2 - 18*z - 64. List the prime factors of t(21).
41, 43
Let a = -683 + 680. Let d(u) = 170*u**2 - 7*u + 6. List the prime factors of d(a).
3, 173
Let x(u) = -u**2 + 44*u - 153. Let h be x(40). Let b(s) = 141*s + 141. List the prime factors of b(h).
2, 3, 47
Suppose 0*m - 4*m + 13 = -5*a, 3*m + 19 = -2*a. Let l be -8*(m/6)/1*1. Suppose -l*x + 9*x = 805. List the prime factors of x.
7, 23
What are the prime factors of (-1)/((4*2/38172)/(20/(-15)))?
2, 3181
Let m be 6/(-2)*7/(-3). Suppose 0 = 2*u - m*u. What are the prime factors of 8 - (2 - u) - 0?
2, 3
Let v(a) = a**2 - a + 12. Suppose 2*k + 12 = 3*p, -k - 5*p = -21 + 1. Let c be v(k). Suppose 16*y = c*y + 156. List the prime factors of y.
3, 13
Suppose 3*p + 0*p + 17742 = 3*t, 5*t - 29471 = -6*p. What are the prime factors of t?
5, 1181
Suppose 0 = 3*x + x - 3*r - 23, x - 23 = -5*r. Suppose -x*j + 337 = -31. What are the prime factors of j?
2, 23
Suppose -5*r + 4*u - 2*u + 9 = 0, -4*r + 4*u = 0. Suppose 0 = -6*k + r*k. Suppose k = -4*i + 19 + 129. What are the prime factors of i?
37
Let h(d) = 54*d**2 - 2*d - 2. Suppose 0 = -z - 3*z + 3*z. Let u(a) = a**3 + a - 1. Let o be u(z). List the prime factors of h(o).
2, 3
Suppose 3*a - 8*u + 7 = -3*u, 4*a + 3*u = 39. Suppose 8*x = -a*x - 17500. What are the prime factors of (x/(-8) - -3) + 3/4?
2, 5
Suppose -19*s = -7*s - 1320. Let k = -102 + s. What are the prime factors of 3 + (-22)/k - 1005/(-12)?
2, 3, 7
Suppose i = -4*p - 0*p - 298, -2*i = -4*p + 644. Let u = -641 - i. Let o = 470 + u. List the prime factors of o.
11, 13
Suppose -4 = -2*r + 2*g, 4*r - 3*r - 3*g - 6 = 0. What are the prime factors of (30/9 - r)*32604/110?
2, 13, 19
Let v(j) = j**2 + 6*j - 14. Let r be v(-8). Let s be r + 2 + 0 + 0. Suppose 0 = -y - s*n + 95, 2*n = 4*y - 0*y - 362. List the prime factors of y.
7, 13
Let w(q) = 65*q**3 - 2*q**2 - 15*q + 5 + q**2 + 63*q**3 - 123*q**3. What are the prime factors of w(4)?
3, 83
Let u(z) = -z**2 - 22*z + 16. Suppose -p + 7 = 5. Suppose 80 = -4*t + p*r, 4*r + 13 = -2*t - 27. What are the prime factors of u(t)?
2, 7
Suppose -17*n + 2 = -16*n. Suppose -10*s - 2 + n = 0. Suppose 2*z + 212 - 564 = s. What are the prime factors of z?
2, 11
Suppose -117854 = -5*n - 4*s, -n + 20*s = 25*s - 23554. List the prime factors of n.
2, 3, 3929
Let r(s) = 36 - s - 27 - 3*s - 81. Let w be r(-17). What are the prime factors of 154 - (4 + (-8 - w) + -4)?
2, 79
Let p(w) = 22*w**3 + 7*w**2 - 48*w + 229. What are the prime factors of p(8)?
7, 13, 127
Let m(x) = -11*x**3 + 15*x**2 - 26*x + 31. Let f(g) = 6*g**3 - 7*g**2 + 13*g - 15. Let o(j) = 7*f(j) + 3*m(j). List the prime factors of o(5).
2, 7, 11
Suppose -2*l - 3*o = -2222, 5*o - 956 - 2378 = -3*l. Let u = 649 - l. What are the prime factors of u/3*(2/6 + -1)?
2, 3, 17
Suppose 24*s - 30*s = -186. Suppose -2759 = -0*d - s*d. What are the prime factors of d?
89
Let a(g) = g**3 + 47*g**2 - 135*g + 289. List the prime factors of a(-46).
5, 1723
Let f(x) = 124*x + 140. Let w be f(-5). Let h = w - -815. What are the prime factors of h?
5, 67
Suppose 0 = -0*p + 2*p + 3*t - 64, -p - 2*t + 30 = 0. Let q = p + -45. What are the prime factors of -63*(-3 + q/(-3))?
2, 3, 7
Suppose t - g = 2, -3*t - 4 = -5*g - 8. Suppose 303 = -t*o - 3*a, 0 = o + 4*a - 0*a + 95. Let m = -51 - o. List the prime factors of m.
2, 13
Suppose -24*c - 5*z = -23*c - 938, 3*c - 5*z = 2794. What are the prime factors of c?
3, 311
Let v = -49830 - -96043. List the prime factors of v.
37, 1249
What are the prime factors of 285/(-190)*(-16600)/3?
2, 5, 83
Let o(u) = u**2 + 4*u - 7. Suppose -3*a + 5*n - 9 = 0, 0*n + 12 = 3*a + 2*n. Suppose a = -6*x + 38. List the prime factors of o(x).
53
Suppose 4*m = 4*l - 1248 + 6416, -l - 6444 = -5*m. Let y = m - 754. List the prime factors of y.
2, 3, 89
Let z = 29 - 27. Suppose 0 = 2*d - 2*b - 6, -4*d + 0*b - z*b + 12 = 0. Suppose -2*l - 119 = -f, -595 = -5*f + 2*l + d*l. What are the prime factors of f?
7, 17
Let q(k) = -k + 47. Let w be q(13). Let t be (18/81 - 491/(-18))*w. What are the prime factors of t/(3 + 2) + 1?
2, 47
Suppose 15*q = -3*o + 12*q + 2718, 918 = o - 5*q. What are the prime factors of o?
2, 227
Let z(k) = -k**2 - 7*k + 12. Let a be z(0). Suppose -a*b = -1163 - 913. What are the prime factors of b?
173
Suppose -15*i - 120 = -20*i. Suppose 9*u + 3*u = i. Suppose -4*x + 367 + 583 = -3*d, -4*x + 952 = -u*d. List the prime factors of x.
239
Let y = -19 + 19. Let v = 157 + y. List the prime factors of v.
157
Suppose 0 = 2*f - 7*f + 205. Let v = f - 19. Let k = 117 - v. What are the prime factors of k?
5, 19
Let o(l) = -8 + 9*l - 3 - 20 + 4. Suppose 0 = 2*y + y - 39. What are the prime factors of o(y)?
2, 3, 5
Suppose -4*n - n = -10. Suppose -n*m + 4*i = 32, -3*m - 2*i - 14 = -6. 